{"id":162,"date":"2024-12-01T16:18:02","date_gmt":"2024-12-01T16:18:02","guid":{"rendered":"https:\/\/tume.fi\/joulupukki\/?page_id=162"},"modified":"2026-01-07T12:11:59","modified_gmt":"2026-01-07T12:11:59","slug":"varauslomake","status":"publish","type":"page","link":"https:\/\/tume.fi\/joulupukki\/varauslomake\/","title":{"rendered":"Varauslomake"},"content":{"rendered":"<h3>Nettivaraus vuodelle 2026 ei ole viel\u00e4 alkanut!<\/h3>\n<p><strong>Varauksen tekeminen ei ole tae pukin saamisesta, koska suosituimmat ajat varataan nopeasti. Ilmoitamme kaikille varauksen tehneille s\u00e4hk\u00f6postitse, mihin aikaan pukki saapuu vierailulle. Mik\u00e4li pyyt\u00e4m\u00e4ss\u00e4nne aikaikkunassa ei ole vapaita aikoja, pyrimme tarjoamaan muuta sopivaa aikaa.<\/strong><\/p>\n<p>Suosituimmat ajat pukin vierailulle ovat kello 16.00-18.00. Suosittelemme valitsemaan enemm\u00e4n kuin minimim\u00e4\u00e4r\u00e4n aikoja, erityisesti mik\u00e4li ette tee varausta ensimm\u00e4isten p\u00e4ivien aikana. N\u00e4in toimimalla parannatte mahdollisuuksianne saada pukin vierailun mieluisampaan aikaan.<\/p>\n<p>Varauslomake on auki sivupalkissa n\u00e4kyv\u00e4ll\u00e4 aikav\u00e4lill\u00e4. Ensimm\u00e4iset vahvistukset l\u00e4hetet\u00e4\u00e4n 6.12. p\u00e4iv\u00e4ll\u00e4, ja t\u00e4m\u00e4n j\u00e4lkeen k\u00e4sittelemme varaukset aina ennen puhelinp\u00e4ivystyksen alkua. Saatte lomakkeen t\u00e4ytt\u00e4misen j\u00e4lkeen s\u00e4hk\u00f6postiinne yhteenvedon lomakkeen tiedoista. T\u00e4m\u00e4 yhteenveto ei kuitenkaan ole edell\u00e4 mainittu vahvistus joulupukin saamisesta.<\/p>\n<div class=\"line\">\u00a0<\/div>\n\n\n<p><\/p>\n","protected":false},"excerpt":{"rendered":"<p>Nettivaraus vuodelle 2026 ei ole viel\u00e4 alkanut! Varauksen tekeminen ei ole tae pukin saamisesta, koska suosituimmat ajat varataan nopeasti. Ilmoitamme kaikille varauksen tehneille s\u00e4hk\u00f6postitse, mihin aikaan pukki saapuu vierailulle. Mik\u00e4li pyyt\u00e4m\u00e4ss\u00e4nne aikaikkunassa ei ole vapaita aikoja, pyrimme tarjoamaan muuta sopivaa aikaa. Suosituimmat ajat pukin vierailulle ovat kello 16.00-18.00. Suosittelemme valitsemaan enemm\u00e4n kuin minimim\u00e4\u00e4r\u00e4n aikoja, erityisesti mik\u00e4li ette tee varausta ensimm\u00e4isten p\u00e4ivien aikana. N\u00e4in toimimalla parannatte mahdollisuuksianne saada pukin vierailun mieluisampaan&hellip;<\/p>\n","protected":false},"author":1,"featured_media":0,"parent":0,"menu_order":0,"comment_status":"closed","ping_status":"closed","template":"","meta":{"footnotes":""},"class_list":["post-162","page","type-page","status-publish","hentry"],"yoast_head":"<!-- This site is optimized with the Yoast SEO plugin v26.4-RC2 - https:\/\/yoast.com\/wordpress\/plugins\/seo\/ -->\n<title>Varauslomake | Turun Mets\u00e4nk\u00e4vij\u00e4in Joulupukkitoimisto<\/title>\n<meta name=\"description\" content=\"Varaa joulupukin vierailu helposti varauslomakkeemme kautta! Nettivaraus alkaa 1.12. ja p\u00e4\u00e4ttyy 20.12.\" \/>\n<meta name=\"robots\" content=\"index, follow, max-snippet:-1, max-image-preview:large, max-video-preview:-1\" \/>\n<link rel=\"canonical\" href=\"https:\/\/tume.fi\/joulupukki\/varauslomake\/\" \/>\n<meta property=\"og:locale\" content=\"en_US\" \/>\n<meta property=\"og:type\" content=\"article\" \/>\n<meta property=\"og:title\" content=\"Varauslomake | Turun Mets\u00e4nk\u00e4vij\u00e4in Joulupukkitoimisto\" \/>\n<meta property=\"og:description\" content=\"Varaa joulupukin vierailu helposti varauslomakkeemme kautta! Nettivaraus alkaa 1.12. ja p\u00e4\u00e4ttyy 20.12.\" \/>\n<meta property=\"og:url\" content=\"https:\/\/tume.fi\/joulupukki\/varauslomake\/\" \/>\n<meta property=\"og:site_name\" content=\"Turun Mets\u00e4nk\u00e4vij\u00e4in Joulupukkitoimisto\" \/>\n<meta property=\"article:modified_time\" content=\"2026-01-07T12:11:59+00:00\" \/>\n<meta name=\"twitter:label1\" content=\"Est. reading time\" \/>\n\t<meta name=\"twitter:data1\" content=\"1 minute\" \/>\n<script type=\"application\/ld+json\" class=\"yoast-schema-graph\">{\"@context\":\"https:\/\/schema.org\",\"@graph\":[{\"@type\":\"WebPage\",\"@id\":\"https:\/\/tume.fi\/joulupukki\/varauslomake\/\",\"url\":\"https:\/\/tume.fi\/joulupukki\/varauslomake\/\",\"name\":\"Varauslomake | Turun Mets\u00e4nk\u00e4vij\u00e4in Joulupukkitoimisto\",\"isPartOf\":{\"@id\":\"https:\/\/tume.fi\/joulupukki\/#website\"},\"datePublished\":\"2024-12-01T16:18:02+00:00\",\"dateModified\":\"2026-01-07T12:11:59+00:00\",\"description\":\"Varaa joulupukin vierailu helposti varauslomakkeemme kautta! Nettivaraus alkaa 1.12. ja p\u00e4\u00e4ttyy 20.12.\",\"breadcrumb\":{\"@id\":\"https:\/\/tume.fi\/joulupukki\/varauslomake\/#breadcrumb\"},\"inLanguage\":\"en-US\",\"potentialAction\":[{\"@type\":\"ReadAction\",\"target\":[\"https:\/\/tume.fi\/joulupukki\/varauslomake\/\"]}]},{\"@type\":\"BreadcrumbList\",\"@id\":\"https:\/\/tume.fi\/joulupukki\/varauslomake\/#breadcrumb\",\"itemListElement\":[{\"@type\":\"ListItem\",\"position\":1,\"name\":\"Home\",\"item\":\"https:\/\/tume.fi\/joulupukki\/\"},{\"@type\":\"ListItem\",\"position\":2,\"name\":\"Varauslomake\"}]},{\"@type\":\"WebSite\",\"@id\":\"https:\/\/tume.fi\/joulupukki\/#website\",\"url\":\"https:\/\/tume.fi\/joulupukki\/\",\"name\":\"Turun Mets\u00e4nk\u00e4vij\u00e4in Joulupukkitoimisto\",\"description\":\"Partiolaisten joulupukkipalvelua vuodesta 1932\",\"publisher\":{\"@id\":\"https:\/\/tume.fi\/joulupukki\/#organization\"},\"potentialAction\":[{\"@type\":\"SearchAction\",\"target\":{\"@type\":\"EntryPoint\",\"urlTemplate\":\"https:\/\/tume.fi\/joulupukki\/?s={search_term_string}\"},\"query-input\":{\"@type\":\"PropertyValueSpecification\",\"valueRequired\":true,\"valueName\":\"search_term_string\"}}],\"inLanguage\":\"en-US\"},{\"@type\":\"Organization\",\"@id\":\"https:\/\/tume.fi\/joulupukki\/#organization\",\"name\":\"Turun Mets\u00e4nk\u00e4vij\u00e4in Joulupukkitoimisto\",\"url\":\"https:\/\/tume.fi\/joulupukki\/\",\"logo\":{\"@type\":\"ImageObject\",\"inLanguage\":\"en-US\",\"@id\":\"https:\/\/tume.fi\/joulupukki\/#\/schema\/logo\/image\/\",\"url\":\"https:\/\/tume.fi\/joulupukki\/wp-content\/uploads\/2020\/08\/cropped-pukkitoimiston-logo_512-1.png\",\"contentUrl\":\"https:\/\/tume.fi\/joulupukki\/wp-content\/uploads\/2020\/08\/cropped-pukkitoimiston-logo_512-1.png\",\"width\":290,\"height\":290,\"caption\":\"Turun Mets\u00e4nk\u00e4vij\u00e4in Joulupukkitoimisto\"},\"image\":{\"@id\":\"https:\/\/tume.fi\/joulupukki\/#\/schema\/logo\/image\/\"}}]}<\/script>\n<!-- \/ Yoast SEO plugin. -->","yoast_head_json":{"title":"Varauslomake | Turun Mets\u00e4nk\u00e4vij\u00e4in Joulupukkitoimisto","description":"Varaa joulupukin vierailu helposti varauslomakkeemme kautta! Nettivaraus alkaa 1.12. ja p\u00e4\u00e4ttyy 20.12.","robots":{"index":"index","follow":"follow","max-snippet":"max-snippet:-1","max-image-preview":"max-image-preview:large","max-video-preview":"max-video-preview:-1"},"canonical":"https:\/\/tume.fi\/joulupukki\/varauslomake\/","og_locale":"en_US","og_type":"article","og_title":"Varauslomake | Turun Mets\u00e4nk\u00e4vij\u00e4in Joulupukkitoimisto","og_description":"Varaa joulupukin vierailu helposti varauslomakkeemme kautta! Nettivaraus alkaa 1.12. ja p\u00e4\u00e4ttyy 20.12.","og_url":"https:\/\/tume.fi\/joulupukki\/varauslomake\/","og_site_name":"Turun Mets\u00e4nk\u00e4vij\u00e4in Joulupukkitoimisto","article_modified_time":"2026-01-07T12:11:59+00:00","twitter_misc":{"Est. reading time":"1 minute"},"schema":{"@context":"https:\/\/schema.org","@graph":[{"@type":"WebPage","@id":"https:\/\/tume.fi\/joulupukki\/varauslomake\/","url":"https:\/\/tume.fi\/joulupukki\/varauslomake\/","name":"Varauslomake | Turun Mets\u00e4nk\u00e4vij\u00e4in Joulupukkitoimisto","isPartOf":{"@id":"https:\/\/tume.fi\/joulupukki\/#website"},"datePublished":"2024-12-01T16:18:02+00:00","dateModified":"2026-01-07T12:11:59+00:00","description":"Varaa joulupukin vierailu helposti varauslomakkeemme kautta! Nettivaraus alkaa 1.12. ja p\u00e4\u00e4ttyy 20.12.","breadcrumb":{"@id":"https:\/\/tume.fi\/joulupukki\/varauslomake\/#breadcrumb"},"inLanguage":"en-US","potentialAction":[{"@type":"ReadAction","target":["https:\/\/tume.fi\/joulupukki\/varauslomake\/"]}]},{"@type":"BreadcrumbList","@id":"https:\/\/tume.fi\/joulupukki\/varauslomake\/#breadcrumb","itemListElement":[{"@type":"ListItem","position":1,"name":"Home","item":"https:\/\/tume.fi\/joulupukki\/"},{"@type":"ListItem","position":2,"name":"Varauslomake"}]},{"@type":"WebSite","@id":"https:\/\/tume.fi\/joulupukki\/#website","url":"https:\/\/tume.fi\/joulupukki\/","name":"Turun Mets\u00e4nk\u00e4vij\u00e4in Joulupukkitoimisto","description":"Partiolaisten joulupukkipalvelua vuodesta 1932","publisher":{"@id":"https:\/\/tume.fi\/joulupukki\/#organization"},"potentialAction":[{"@type":"SearchAction","target":{"@type":"EntryPoint","urlTemplate":"https:\/\/tume.fi\/joulupukki\/?s={search_term_string}"},"query-input":{"@type":"PropertyValueSpecification","valueRequired":true,"valueName":"search_term_string"}}],"inLanguage":"en-US"},{"@type":"Organization","@id":"https:\/\/tume.fi\/joulupukki\/#organization","name":"Turun Mets\u00e4nk\u00e4vij\u00e4in Joulupukkitoimisto","url":"https:\/\/tume.fi\/joulupukki\/","logo":{"@type":"ImageObject","inLanguage":"en-US","@id":"https:\/\/tume.fi\/joulupukki\/#\/schema\/logo\/image\/","url":"https:\/\/tume.fi\/joulupukki\/wp-content\/uploads\/2020\/08\/cropped-pukkitoimiston-logo_512-1.png","contentUrl":"https:\/\/tume.fi\/joulupukki\/wp-content\/uploads\/2020\/08\/cropped-pukkitoimiston-logo_512-1.png","width":290,"height":290,"caption":"Turun Mets\u00e4nk\u00e4vij\u00e4in Joulupukkitoimisto"},"image":{"@id":"https:\/\/tume.fi\/joulupukki\/#\/schema\/logo\/image\/"}}]}},"_links":{"self":[{"href":"https:\/\/tume.fi\/joulupukki\/wp-json\/wp\/v2\/pages\/162","targetHints":{"allow":["GET"]}}],"collection":[{"href":"https:\/\/tume.fi\/joulupukki\/wp-json\/wp\/v2\/pages"}],"about":[{"href":"https:\/\/tume.fi\/joulupukki\/wp-json\/wp\/v2\/types\/page"}],"author":[{"embeddable":true,"href":"https:\/\/tume.fi\/joulupukki\/wp-json\/wp\/v2\/users\/1"}],"replies":[{"embeddable":true,"href":"https:\/\/tume.fi\/joulupukki\/wp-json\/wp\/v2\/comments?post=162"}],"version-history":[{"count":65,"href":"https:\/\/tume.fi\/joulupukki\/wp-json\/wp\/v2\/pages\/162\/revisions"}],"predecessor-version":[{"id":827,"href":"https:\/\/tume.fi\/joulupukki\/wp-json\/wp\/v2\/pages\/162\/revisions\/827"}],"wp:attachment":[{"href":"https:\/\/tume.fi\/joulupukki\/wp-json\/wp\/v2\/media?parent=162"}],"curies":[{"name":"wp","href":"https:\/\/api.w.org\/{rel}","templated":true}]}}