{"id":7,"date":"2014-09-03T19:03:16","date_gmt":"2014-09-03T19:03:16","guid":{"rendered":"http:\/\/tume.fi\/joulupukki\/?page_id=7"},"modified":"2025-11-18T09:44:55","modified_gmt":"2025-11-18T09:44:55","slug":"historia","status":"publish","type":"page","link":"https:\/\/tume.fi\/joulupukki\/historia\/","title":{"rendered":"Historia"},"content":{"rendered":"\n<h3 class=\"wp-block-heading\">JOULUPUKKITOIMINNAN ALKU<\/h3>\n\n\n\n<p class=\"has-text-align-left\">Pukkitoimistomme historia alkaa jo joulusta 1932. Tuolloin kekseli\u00e4\u00e4t partiopojat olivat saaneet idean myyj\u00e4isten ja muun varainhankinnan lis\u00e4ksi toimia aattoiltana kodeissa kiertelevin\u00e4 Joulupukkeina. Puitteet olivat vaatimattomat ja asut piti kehitell\u00e4 itse siit\u00e4 mit\u00e4 kotoa l\u00f6ytyi. Varhaisin s\u00e4ilynyt dokumentti joulupukkipalvelusta on vuodelta 1933, jossa kuvataan toimiston toisen vuoden aikoja.<\/p>\n\n\n\n<p class=\"has-text-align-left\"><em>Ajantieto 24. 12. 1933:<\/em><\/p>\n\n\n\n<p class=\"has-text-align-left\"><em>Ilmoitustaululla huo\u00admautetaan, ett\u00e4 kerho on joulu-aattona suljettu koko p\u00e4iv\u00e4n. Suuri erehdys, kololla on koko il\u00adlan ollut aika vilske. Tied\u00e4ttek\u00f6: t\u00e4\u00e4ll\u00e4 on ma\u00adjaillut monta oikeata joulu-pukkia, jotka t\u00e4st\u00e4 etappipaikastaan ovat lahjainjako retki\u00e4\u00e4n ulottaneet ymp\u00e4ri kaupunkia. Jaa-a; onnellisia vaan ovat ne jotka p\u00e4\u00e4siv\u00e4t osallisiksi n\u00e4iden joulu-ukkojen antimista! Tosi on, ei mit\u00e4\u00e4n &#8220;humpuugia&#8221;! Kyll\u00e4 joulu-pukkeja siis on ole\u00admassa, sill\u00e4 t\u00e4\u00e4ll\u00e4 niit\u00e4 aivan vilisi. (T\u00e4st\u00e4 alka\u00aden ei pikku pojat en\u00e4\u00e4 saa lukea) Kuten kait kaikki tiet\u00e4v\u00e4t, olimme j\u00e4rjest\u00e4neet yleis\u00f6lle ti\u00adlaisuuden &#8220;Joulupukin&#8221; varaamiseen. Niit\u00e4 tulikin yli 50. Paikat jaettiin 5 pojan osal\u00adle. Pukkeja olivat: Ami, K\u00e4rpp\u00e4, Kaikka, Nisi ja Upa. Sitten t\u00e4ytyi my\u00f6s olla pukeilla apumiehet ja niit\u00e4 olivat: Kosa, Tanski, Jouko, Kirvinen ja Leivo. Annettakoon my\u00f6s tunnustus p\u00e4ivys\u00adt\u00e4jille: L\u00f6ffille ja Apralle, jotka mm. keittiv\u00e4t mainion &#8220;saikan&#8221;. Allekirjoittanut oli my\u00f6s kaksi kertaa joutua pukiksi, mutta ne j\u00e4rjestyi\u00adv\u00e4t niiden &#8220;oikeiden&#8221; Joulu-pukkien kautta. T\u00e4h\u00e4n lopetan, kunhan ensin hihkaisen ett\u00e4 ra\u00adhantuloa ei voi est\u00e4\u00e4. <\/em><\/p>\n\n\n\n<figure class=\"wp-block-image alignnone size-full\"><a href=\"http:\/\/tume.fi\/joulupukki\/wp-content\/uploads\/2014\/09\/kuva2.jpg\"><img loading=\"lazy\" decoding=\"async\" width=\"3887\" height=\"3860\" src=\"https:\/\/tume.fi\/joulupukki\/wp-content\/uploads\/2014\/09\/kuva2.jpg\" alt=\"Joulupukkeja vuodelta 1945\" class=\"wp-image-28\" srcset=\"https:\/\/tume.fi\/joulupukki\/wp-content\/uploads\/2014\/09\/kuva2.jpg 3887w, https:\/\/tume.fi\/joulupukki\/wp-content\/uploads\/2014\/09\/kuva2-150x150.jpg 150w, https:\/\/tume.fi\/joulupukki\/wp-content\/uploads\/2014\/09\/kuva2-300x297.jpg 300w, https:\/\/tume.fi\/joulupukki\/wp-content\/uploads\/2014\/09\/kuva2-1024x1016.jpg 1024w\" sizes=\"auto, (max-width: 3887px) 100vw, 3887px\" \/><\/a><figcaption class=\"wp-element-caption\">Joulupukkeja vuodelta 1945<\/figcaption><\/figure>\n\n\n\n<h3 class=\"wp-block-heading\">Joulupukkitoiminta kehittyi<\/h3>\n\n\n\n<p class=\"has-text-align-left\">Toiminnan kehittyess\u00e4 alkoi muodostua oma toimintamalli ja varusteet kehittyiv\u00e4t ja niit\u00e4 hankittiin lippukunnalle. Toiminnasta tuli organisoidumpaa ja Turun Mets\u00e4nk\u00e4vij\u00f6iden Joulupukkitoimistolla alkoi olla vakituisia asiakkaita. Pukkina itsekin paljon toiminut Hannu Hurme muisteli vuonna 1975 julkaisussa lippukunnan historiikissa n\u00e4in:<\/p>\n\n\n\n<p class=\"has-text-align-left\"><em>&nbsp;Asiakkaiden tyytyv\u00e4isyytt\u00e4 osoittaa se tosiseikka, ett\u00e4 vuosi vuoden j\u00e4lkeen samat perheet enn\u00e4tt\u00e4v\u00e4t ensimm\u00e4isin\u00e4 tilaamaan pukkinsa ja samalla var\u00admistamaan parhaan mahdollisen pukin saapumisa\u00adjankohdan. Tiedossani on tapaus, jolloin samaan perheeseen on pukki tilattu joulupukkipalvelustam\u00adme 30 vuoden ajan. Ensin olivat vuorossa omat lapset. Kun he lakkasivat uskomasta pukkiin, oli pukki muodostunut jo niin olennaiseksi joulun osaksi, ett\u00e4 siit\u00e4 ei hennottu luopua. Ja nyt ovat vuorossa sitten lapsenlapset. <\/em><\/p>\n\n\n\n<figure class=\"wp-block-image alignnone size-full\"><a href=\"http:\/\/tume.fi\/joulupukki\/wp-content\/uploads\/2014\/09\/kuva3.jpeg\"><img loading=\"lazy\" decoding=\"async\" width=\"1669\" height=\"1051\" src=\"https:\/\/tume.fi\/joulupukki\/wp-content\/uploads\/2014\/09\/kuva3.jpeg\" alt=\"\u00c4itikerhon ompelemia uusia Joulupukintakkeja sovitetaan vuonna 1987\" class=\"wp-image-29\" srcset=\"https:\/\/tume.fi\/joulupukki\/wp-content\/uploads\/2014\/09\/kuva3.jpeg 1669w, https:\/\/tume.fi\/joulupukki\/wp-content\/uploads\/2014\/09\/kuva3-300x188.jpeg 300w, https:\/\/tume.fi\/joulupukki\/wp-content\/uploads\/2014\/09\/kuva3-1024x644.jpeg 1024w\" sizes=\"auto, (max-width: 1669px) 100vw, 1669px\" \/><\/a><figcaption class=\"wp-element-caption\">\u00c4itikerhon ompelemia uusia Joulupukintakkeja sovitetaan vuonna 1987<\/figcaption><\/figure>\n\n\n\n<h3 class=\"wp-block-heading\">Turkulaiset partiopukit nyky\u00e4\u00e4n<\/h3>\n\n\n\n<p class=\"has-text-align-left\">Nykyisin Joulupukkipalvelumme kunnioittaa pitki\u00e4 perinteit\u00e4mme, mutta uudistuu ja kehittyy my\u00f6s jatkuvasti tarpeen ja ajan hengen mukaan. Siin\u00e4 miss\u00e4 alkuaikoina parraksi kelpasi moppi, ovat varusteemme nykyisin huippuluokkaa. Huollamme v\u00e4lineist\u00f6mme joka vuosi ja ostamme tarvittaessa uutta.<\/p>\n\n\n\n<p class=\"has-text-align-left\">Pukkimme k\u00e4yv\u00e4t uransa alussa koulutuksen kokeneimpien pukkiemme vet\u00e4m\u00e4n\u00e4, joka takaa laadun jatkumisen sukupolvelta toiselle. Useimmilla pukeistamme on kuitenkin jo useiden vuosien kokemus joulupukkina toimimisesta. Heille jokajouluinen pukkikierros on muodostunut jouluperinteeksi ja jouluilon tuominen koteihin antaa pukillekin joulun tunnelman.<\/p>\n\n\n\n<div class=\"wp-block-group\"><div class=\"wp-block-group__inner-container is-layout-flow wp-block-group-is-layout-flow\">\n<figure class=\"wp-block-gallery has-nested-images columns-3 is-cropped wp-block-gallery-1 is-layout-flex wp-block-gallery-is-layout-flex\">\n<figure class=\"wp-block-image size-full\"><a href=\"https:\/\/tume.fi\/joulupukki\/wp-content\/uploads\/2022\/10\/DSC_0822-scaled.jpg\"><img loading=\"lazy\" decoding=\"async\" width=\"2560\" height=\"1696\" data-id=\"654\" src=\"https:\/\/tume.fi\/joulupukki\/wp-content\/uploads\/2022\/10\/DSC_0822-scaled.jpg\" alt=\"\" class=\"wp-image-654\" srcset=\"https:\/\/tume.fi\/joulupukki\/wp-content\/uploads\/2022\/10\/DSC_0822-scaled.jpg 2560w, https:\/\/tume.fi\/joulupukki\/wp-content\/uploads\/2022\/10\/DSC_0822-300x199.jpg 300w, https:\/\/tume.fi\/joulupukki\/wp-content\/uploads\/2022\/10\/DSC_0822-1024x678.jpg 1024w, https:\/\/tume.fi\/joulupukki\/wp-content\/uploads\/2022\/10\/DSC_0822-768x509.jpg 768w, https:\/\/tume.fi\/joulupukki\/wp-content\/uploads\/2022\/10\/DSC_0822-1536x1017.jpg 1536w, https:\/\/tume.fi\/joulupukki\/wp-content\/uploads\/2022\/10\/DSC_0822-2048x1356.jpg 2048w\" sizes=\"auto, (max-width: 2560px) 100vw, 2560px\" \/><\/a><figcaption class=\"wp-element-caption\">Joulupukilla tervehtii poron kanssa 2022<\/figcaption><\/figure>\n\n\n\n<figure class=\"wp-block-image size-full is-style-default\"><a href=\"https:\/\/tume.fi\/joulupukki\/wp-content\/uploads\/2022\/10\/IMG_20220224_105453-scaled.jpg\"><img loading=\"lazy\" decoding=\"async\" width=\"1024\" height=\"768\" data-id=\"657\" src=\"https:\/\/tume.fi\/joulupukki\/wp-content\/uploads\/2022\/10\/IMG_20220224_105453-1024x768.jpg\" alt=\"\" class=\"wp-image-657\" srcset=\"https:\/\/tume.fi\/joulupukki\/wp-content\/uploads\/2022\/10\/IMG_20220224_105453-1024x768.jpg 1024w, https:\/\/tume.fi\/joulupukki\/wp-content\/uploads\/2022\/10\/IMG_20220224_105453-300x225.jpg 300w, https:\/\/tume.fi\/joulupukki\/wp-content\/uploads\/2022\/10\/IMG_20220224_105453-768x576.jpg 768w, https:\/\/tume.fi\/joulupukki\/wp-content\/uploads\/2022\/10\/IMG_20220224_105453-1536x1152.jpg 1536w, https:\/\/tume.fi\/joulupukki\/wp-content\/uploads\/2022\/10\/IMG_20220224_105453-2048x1536.jpg 2048w\" sizes=\"auto, (max-width: 1024px) 100vw, 1024px\" \/><\/a><figcaption class=\"wp-element-caption\">Joulupukki ohjeistaa poroa 2022<\/figcaption><\/figure>\n\n\n\n<figure class=\"wp-block-image size-full\"><a href=\"https:\/\/tume.fi\/joulupukki\/wp-content\/uploads\/2022\/10\/DSC_0803-scaled.jpg\"><img loading=\"lazy\" decoding=\"async\" width=\"2560\" height=\"1696\" data-id=\"652\" src=\"https:\/\/tume.fi\/joulupukki\/wp-content\/uploads\/2022\/10\/DSC_0803-scaled.jpg\" alt=\"\" class=\"wp-image-652\" srcset=\"https:\/\/tume.fi\/joulupukki\/wp-content\/uploads\/2022\/10\/DSC_0803-scaled.jpg 2560w, https:\/\/tume.fi\/joulupukki\/wp-content\/uploads\/2022\/10\/DSC_0803-300x199.jpg 300w, https:\/\/tume.fi\/joulupukki\/wp-content\/uploads\/2022\/10\/DSC_0803-1024x678.jpg 1024w, https:\/\/tume.fi\/joulupukki\/wp-content\/uploads\/2022\/10\/DSC_0803-768x509.jpg 768w, https:\/\/tume.fi\/joulupukki\/wp-content\/uploads\/2022\/10\/DSC_0803-1536x1017.jpg 1536w, https:\/\/tume.fi\/joulupukki\/wp-content\/uploads\/2022\/10\/DSC_0803-2048x1356.jpg 2048w\" sizes=\"auto, (max-width: 2560px) 100vw, 2560px\" \/><\/a><figcaption class=\"wp-element-caption\">Joulupukki tapaa partiolaisia 2022<\/figcaption><\/figure>\n\n\n\n<figure class=\"wp-block-image size-full\"><a href=\"https:\/\/tume.fi\/joulupukki\/wp-content\/uploads\/2015\/09\/IMGP6378.jpg\"><img loading=\"lazy\" decoding=\"async\" width=\"4672\" height=\"3104\" data-id=\"81\" src=\"https:\/\/tume.fi\/joulupukki\/wp-content\/uploads\/2015\/09\/IMGP6378.jpg\" alt=\"IMGP6378\" class=\"wp-image-81\" srcset=\"https:\/\/tume.fi\/joulupukki\/wp-content\/uploads\/2015\/09\/IMGP6378.jpg 4672w, https:\/\/tume.fi\/joulupukki\/wp-content\/uploads\/2015\/09\/IMGP6378-300x199.jpg 300w, https:\/\/tume.fi\/joulupukki\/wp-content\/uploads\/2015\/09\/IMGP6378-1024x680.jpg 1024w\" sizes=\"auto, (max-width: 4672px) 100vw, 4672px\" \/><\/a><figcaption class=\"wp-element-caption\">Joulupukkeja vuodelta 2014<\/figcaption><\/figure>\n<\/figure>\n<\/div><\/div>\n\n\n\n<p><br><\/p>\n\n\n\n<h2 class=\"wp-block-heading\"><strong>Lehtijuttuja menneilt\u00e4 vuosilta<\/strong><\/h2>\n\n\n\n<p>N\u00e4ist\u00e4 vanhoista lehtijutuista voit tutkia lis\u00e4\u00e4, milt\u00e4 toimintamme on aiemmin n\u00e4ytt\u00e4nyt!<\/p>\n\n\n\n<p><a href=\"https:\/\/tume.fi\/joulupukki\/wp-content\/uploads\/2021\/05\/ts_1973.jpg\">TS Extra 1973<\/a><\/p>\n\n\n\n<p><a href=\"http:\/\/www.ts.fi\/teemat\/kuluttaja\/1074089178\/Hyva+joulupukki+satsaa+suunnitteluun\" target=\"_blank\" rel=\"noopener noreferrer\"><span class=\"papername\">Turun Sanomat<\/span> <span class=\"date\">19.12.2005<\/span><\/a><\/p>\n\n\n\n<p><a href=\"http:\/\/tume.fi\/joulupukki\/wp-content\/uploads\/2014\/11\/ts-extra-2013.jpg\">TS Extra 2013<\/a><\/p>\n\n\n\n<p><a href=\"http:\/\/tume.fi\/joulupukki\/wp-content\/uploads\/2020\/09\/TS-2019.jpg\" target=\"_blank\" rel=\"noopener noreferrer\">Turun sanomat 9.12.2019<\/a><\/p>\n\n\n\n<p><a href=\"https:\/\/aamuset.fi\/artikkeli\/5161427\/Joulupukki+tulee+etana+tai+vain+ovensuuhunkin\">Aamuset 10.12.2020<\/a><\/p>\n\n\n\n<p><a href=\"https:\/\/www.ts.fi\/uutiset\/paikalliset\/5166656\/Tana+vuonna+pukki+ei+paina+puuta\">Turun Sanomat 17.20.2020<\/a><\/p>\n\n\n\n<p><\/p>\n","protected":false},"excerpt":{"rendered":"<p>JOULUPUKKITOIMINNAN ALKU Pukkitoimistomme historia alkaa jo joulusta 1932. Tuolloin kekseli\u00e4\u00e4t partiopojat olivat saaneet idean myyj\u00e4isten ja muun varainhankinnan lis\u00e4ksi toimia aattoiltana kodeissa kiertelevin\u00e4 Joulupukkeina. Puitteet olivat vaatimattomat ja asut piti kehitell\u00e4 itse siit\u00e4 mit\u00e4 kotoa l\u00f6ytyi. Varhaisin s\u00e4ilynyt dokumentti joulupukkipalvelusta on vuodelta 1933, jossa kuvataan toimiston toisen vuoden aikoja. Ajantieto 24. 12. 1933: Ilmoitustaululla huo\u00admautetaan, ett\u00e4 kerho on joulu-aattona suljettu koko p\u00e4iv\u00e4n. Suuri erehdys, kololla on koko il\u00adlan ollut aika&hellip;<\/p>\n","protected":false},"author":1,"featured_media":0,"parent":0,"menu_order":0,"comment_status":"closed","ping_status":"open","template":"","meta":{"footnotes":""},"class_list":["post-7","page","type-page","status-publish","hentry"],"yoast_head":"<!-- This site is optimized with the Yoast SEO plugin v26.4-RC2 - https:\/\/yoast.com\/wordpress\/plugins\/seo\/ -->\n<title>Historia | Turun Mets\u00e4nk\u00e4vij\u00e4in Joulupukkitoimisto<\/title>\n<meta name=\"robots\" content=\"index, follow, max-snippet:-1, max-image-preview:large, max-video-preview:-1\" \/>\n<link rel=\"canonical\" href=\"https:\/\/tume.fi\/joulupukki\/historia\/\" \/>\n<meta property=\"og:locale\" content=\"en_US\" \/>\n<meta property=\"og:type\" content=\"article\" \/>\n<meta property=\"og:title\" content=\"Historia | Turun Mets\u00e4nk\u00e4vij\u00e4in Joulupukkitoimisto\" \/>\n<meta property=\"og:description\" content=\"JOULUPUKKITOIMINNAN ALKU Pukkitoimistomme historia alkaa jo joulusta 1932. Tuolloin kekseli\u00e4\u00e4t partiopojat olivat saaneet idean myyj\u00e4isten ja muun varainhankinnan lis\u00e4ksi toimia aattoiltana kodeissa kiertelevin\u00e4 Joulupukkeina. Puitteet olivat vaatimattomat ja asut piti kehitell\u00e4 itse siit\u00e4 mit\u00e4 kotoa l\u00f6ytyi. Varhaisin s\u00e4ilynyt dokumentti joulupukkipalvelusta on vuodelta 1933, jossa kuvataan toimiston toisen vuoden aikoja. Ajantieto 24. 12. 1933: Ilmoitustaululla huo\u00admautetaan, ett\u00e4 kerho on joulu-aattona suljettu koko p\u00e4iv\u00e4n. Suuri erehdys, kololla on koko il\u00adlan ollut aika&hellip;\" \/>\n<meta property=\"og:url\" content=\"https:\/\/tume.fi\/joulupukki\/historia\/\" \/>\n<meta property=\"og:site_name\" content=\"Turun Mets\u00e4nk\u00e4vij\u00e4in Joulupukkitoimisto\" \/>\n<meta property=\"article:modified_time\" content=\"2025-11-18T09:44:55+00:00\" \/>\n<meta property=\"og:image\" content=\"https:\/\/tume.fi\/joulupukki\/wp-content\/uploads\/2014\/09\/kuva2.jpg\" \/>\n<meta name=\"twitter:label1\" content=\"Est. reading time\" \/>\n\t<meta name=\"twitter:data1\" content=\"4 minutes\" \/>\n<script type=\"application\/ld+json\" class=\"yoast-schema-graph\">{\"@context\":\"https:\/\/schema.org\",\"@graph\":[{\"@type\":\"WebPage\",\"@id\":\"https:\/\/tume.fi\/joulupukki\/historia\/\",\"url\":\"https:\/\/tume.fi\/joulupukki\/historia\/\",\"name\":\"Historia | Turun Mets\u00e4nk\u00e4vij\u00e4in Joulupukkitoimisto\",\"isPartOf\":{\"@id\":\"https:\/\/tume.fi\/joulupukki\/#website\"},\"primaryImageOfPage\":{\"@id\":\"https:\/\/tume.fi\/joulupukki\/historia\/#primaryimage\"},\"image\":{\"@id\":\"https:\/\/tume.fi\/joulupukki\/historia\/#primaryimage\"},\"thumbnailUrl\":\"https:\/\/tume.fi\/joulupukki\/wp-content\/uploads\/2014\/09\/kuva2.jpg\",\"datePublished\":\"2014-09-03T19:03:16+00:00\",\"dateModified\":\"2025-11-18T09:44:55+00:00\",\"breadcrumb\":{\"@id\":\"https:\/\/tume.fi\/joulupukki\/historia\/#breadcrumb\"},\"inLanguage\":\"en-US\",\"potentialAction\":[{\"@type\":\"ReadAction\",\"target\":[\"https:\/\/tume.fi\/joulupukki\/historia\/\"]}]},{\"@type\":\"ImageObject\",\"inLanguage\":\"en-US\",\"@id\":\"https:\/\/tume.fi\/joulupukki\/historia\/#primaryimage\",\"url\":\"https:\/\/tume.fi\/joulupukki\/wp-content\/uploads\/2014\/09\/kuva2.jpg\",\"contentUrl\":\"https:\/\/tume.fi\/joulupukki\/wp-content\/uploads\/2014\/09\/kuva2.jpg\",\"width\":3887,\"height\":3860,\"caption\":\"Joulupukkeja vuodelta 1945\"},{\"@type\":\"BreadcrumbList\",\"@id\":\"https:\/\/tume.fi\/joulupukki\/historia\/#breadcrumb\",\"itemListElement\":[{\"@type\":\"ListItem\",\"position\":1,\"name\":\"Home\",\"item\":\"https:\/\/tume.fi\/joulupukki\/\"},{\"@type\":\"ListItem\",\"position\":2,\"name\":\"Historia\"}]},{\"@type\":\"WebSite\",\"@id\":\"https:\/\/tume.fi\/joulupukki\/#website\",\"url\":\"https:\/\/tume.fi\/joulupukki\/\",\"name\":\"Turun Mets\u00e4nk\u00e4vij\u00e4in Joulupukkitoimisto\",\"description\":\"Partiolaisten joulupukkipalvelua vuodesta 1932\",\"publisher\":{\"@id\":\"https:\/\/tume.fi\/joulupukki\/#organization\"},\"potentialAction\":[{\"@type\":\"SearchAction\",\"target\":{\"@type\":\"EntryPoint\",\"urlTemplate\":\"https:\/\/tume.fi\/joulupukki\/?s={search_term_string}\"},\"query-input\":{\"@type\":\"PropertyValueSpecification\",\"valueRequired\":true,\"valueName\":\"search_term_string\"}}],\"inLanguage\":\"en-US\"},{\"@type\":\"Organization\",\"@id\":\"https:\/\/tume.fi\/joulupukki\/#organization\",\"name\":\"Turun Mets\u00e4nk\u00e4vij\u00e4in Joulupukkitoimisto\",\"url\":\"https:\/\/tume.fi\/joulupukki\/\",\"logo\":{\"@type\":\"ImageObject\",\"inLanguage\":\"en-US\",\"@id\":\"https:\/\/tume.fi\/joulupukki\/#\/schema\/logo\/image\/\",\"url\":\"https:\/\/tume.fi\/joulupukki\/wp-content\/uploads\/2020\/08\/cropped-pukkitoimiston-logo_512-1.png\",\"contentUrl\":\"https:\/\/tume.fi\/joulupukki\/wp-content\/uploads\/2020\/08\/cropped-pukkitoimiston-logo_512-1.png\",\"width\":290,\"height\":290,\"caption\":\"Turun Mets\u00e4nk\u00e4vij\u00e4in Joulupukkitoimisto\"},\"image\":{\"@id\":\"https:\/\/tume.fi\/joulupukki\/#\/schema\/logo\/image\/\"}}]}<\/script>\n<!-- \/ Yoast SEO plugin. -->","yoast_head_json":{"title":"Historia | Turun Mets\u00e4nk\u00e4vij\u00e4in Joulupukkitoimisto","robots":{"index":"index","follow":"follow","max-snippet":"max-snippet:-1","max-image-preview":"max-image-preview:large","max-video-preview":"max-video-preview:-1"},"canonical":"https:\/\/tume.fi\/joulupukki\/historia\/","og_locale":"en_US","og_type":"article","og_title":"Historia | Turun Mets\u00e4nk\u00e4vij\u00e4in Joulupukkitoimisto","og_description":"JOULUPUKKITOIMINNAN ALKU Pukkitoimistomme historia alkaa jo joulusta 1932. Tuolloin kekseli\u00e4\u00e4t partiopojat olivat saaneet idean myyj\u00e4isten ja muun varainhankinnan lis\u00e4ksi toimia aattoiltana kodeissa kiertelevin\u00e4 Joulupukkeina. Puitteet olivat vaatimattomat ja asut piti kehitell\u00e4 itse siit\u00e4 mit\u00e4 kotoa l\u00f6ytyi. Varhaisin s\u00e4ilynyt dokumentti joulupukkipalvelusta on vuodelta 1933, jossa kuvataan toimiston toisen vuoden aikoja. Ajantieto 24. 12. 1933: Ilmoitustaululla huo\u00admautetaan, ett\u00e4 kerho on joulu-aattona suljettu koko p\u00e4iv\u00e4n. Suuri erehdys, kololla on koko il\u00adlan ollut aika&hellip;","og_url":"https:\/\/tume.fi\/joulupukki\/historia\/","og_site_name":"Turun Mets\u00e4nk\u00e4vij\u00e4in Joulupukkitoimisto","article_modified_time":"2025-11-18T09:44:55+00:00","og_image":[{"url":"https:\/\/tume.fi\/joulupukki\/wp-content\/uploads\/2014\/09\/kuva2.jpg","type":"","width":"","height":""}],"twitter_misc":{"Est. reading time":"4 minutes"},"schema":{"@context":"https:\/\/schema.org","@graph":[{"@type":"WebPage","@id":"https:\/\/tume.fi\/joulupukki\/historia\/","url":"https:\/\/tume.fi\/joulupukki\/historia\/","name":"Historia | Turun Mets\u00e4nk\u00e4vij\u00e4in Joulupukkitoimisto","isPartOf":{"@id":"https:\/\/tume.fi\/joulupukki\/#website"},"primaryImageOfPage":{"@id":"https:\/\/tume.fi\/joulupukki\/historia\/#primaryimage"},"image":{"@id":"https:\/\/tume.fi\/joulupukki\/historia\/#primaryimage"},"thumbnailUrl":"https:\/\/tume.fi\/joulupukki\/wp-content\/uploads\/2014\/09\/kuva2.jpg","datePublished":"2014-09-03T19:03:16+00:00","dateModified":"2025-11-18T09:44:55+00:00","breadcrumb":{"@id":"https:\/\/tume.fi\/joulupukki\/historia\/#breadcrumb"},"inLanguage":"en-US","potentialAction":[{"@type":"ReadAction","target":["https:\/\/tume.fi\/joulupukki\/historia\/"]}]},{"@type":"ImageObject","inLanguage":"en-US","@id":"https:\/\/tume.fi\/joulupukki\/historia\/#primaryimage","url":"https:\/\/tume.fi\/joulupukki\/wp-content\/uploads\/2014\/09\/kuva2.jpg","contentUrl":"https:\/\/tume.fi\/joulupukki\/wp-content\/uploads\/2014\/09\/kuva2.jpg","width":3887,"height":3860,"caption":"Joulupukkeja vuodelta 1945"},{"@type":"BreadcrumbList","@id":"https:\/\/tume.fi\/joulupukki\/historia\/#breadcrumb","itemListElement":[{"@type":"ListItem","position":1,"name":"Home","item":"https:\/\/tume.fi\/joulupukki\/"},{"@type":"ListItem","position":2,"name":"Historia"}]},{"@type":"WebSite","@id":"https:\/\/tume.fi\/joulupukki\/#website","url":"https:\/\/tume.fi\/joulupukki\/","name":"Turun Mets\u00e4nk\u00e4vij\u00e4in Joulupukkitoimisto","description":"Partiolaisten joulupukkipalvelua vuodesta 1932","publisher":{"@id":"https:\/\/tume.fi\/joulupukki\/#organization"},"potentialAction":[{"@type":"SearchAction","target":{"@type":"EntryPoint","urlTemplate":"https:\/\/tume.fi\/joulupukki\/?s={search_term_string}"},"query-input":{"@type":"PropertyValueSpecification","valueRequired":true,"valueName":"search_term_string"}}],"inLanguage":"en-US"},{"@type":"Organization","@id":"https:\/\/tume.fi\/joulupukki\/#organization","name":"Turun Mets\u00e4nk\u00e4vij\u00e4in Joulupukkitoimisto","url":"https:\/\/tume.fi\/joulupukki\/","logo":{"@type":"ImageObject","inLanguage":"en-US","@id":"https:\/\/tume.fi\/joulupukki\/#\/schema\/logo\/image\/","url":"https:\/\/tume.fi\/joulupukki\/wp-content\/uploads\/2020\/08\/cropped-pukkitoimiston-logo_512-1.png","contentUrl":"https:\/\/tume.fi\/joulupukki\/wp-content\/uploads\/2020\/08\/cropped-pukkitoimiston-logo_512-1.png","width":290,"height":290,"caption":"Turun Mets\u00e4nk\u00e4vij\u00e4in Joulupukkitoimisto"},"image":{"@id":"https:\/\/tume.fi\/joulupukki\/#\/schema\/logo\/image\/"}}]}},"_links":{"self":[{"href":"https:\/\/tume.fi\/joulupukki\/wp-json\/wp\/v2\/pages\/7","targetHints":{"allow":["GET"]}}],"collection":[{"href":"https:\/\/tume.fi\/joulupukki\/wp-json\/wp\/v2\/pages"}],"about":[{"href":"https:\/\/tume.fi\/joulupukki\/wp-json\/wp\/v2\/types\/page"}],"author":[{"embeddable":true,"href":"https:\/\/tume.fi\/joulupukki\/wp-json\/wp\/v2\/users\/1"}],"replies":[{"embeddable":true,"href":"https:\/\/tume.fi\/joulupukki\/wp-json\/wp\/v2\/comments?post=7"}],"version-history":[{"count":30,"href":"https:\/\/tume.fi\/joulupukki\/wp-json\/wp\/v2\/pages\/7\/revisions"}],"predecessor-version":[{"id":739,"href":"https:\/\/tume.fi\/joulupukki\/wp-json\/wp\/v2\/pages\/7\/revisions\/739"}],"wp:attachment":[{"href":"https:\/\/tume.fi\/joulupukki\/wp-json\/wp\/v2\/media?parent=7"}],"curies":[{"name":"wp","href":"https:\/\/api.w.org\/{rel}","templated":true}]}}