{"id":14,"date":"2014-04-02T11:07:00","date_gmt":"2014-04-02T09:07:00","guid":{"rendered":"http:\/\/tume.fi\/partio\/?page_id=14"},"modified":"2020-03-29T15:41:00","modified_gmt":"2020-03-29T13:41:00","slug":"toiminta","status":"publish","type":"page","link":"https:\/\/tume.fi\/partio\/toiminta\/","title":{"rendered":"Toiminta"},"content":{"rendered":"<p>Partio jakautuu eri ik\u00e4kausiin, jotka suorittavat omaa kullekinik\u00e4kaudelle suunniteltua ohjelmaa. Yli 22-vuotiaat partiolaiset ovatjohtajia ja vastaavat eri ik\u00e4kausien ohjelman toteuttamisesta sek\u00e4valvonnasta.<\/p>\n<p>Turun Mets\u00e4nk\u00e4vij\u00e4in partiopaitamerkkiohje:<br \/>\n<a href=\"https:\/\/tume.fi\/partio\/wp-content\/uploads\/Turun_Metsankavijain_merkkiohje.pdf\">https:\/\/tume.fi\/partio\/wp-content\/uploads\/Turun_Metsankavijain_merkkiohje.pdf<\/a><\/p>\n<style>\n\t.ikakausi {<br \/>\n\t\twidth: 50%;<br \/>\n\t\tfloat: left;<br \/>\n\t\tpadding: 5px;<br \/>\n\t}<br \/>\n\t.ikakausi img {<br \/>\n\t\tfloat: left;<br \/>\n\t\tmargin: 0px 15px 10px 0px;<br \/>\n\t}<br \/>\n\t.ikakausi h2 {<br \/>\n\t\tclear: none;<br \/>\n\t}<br \/>\n<\/style>\n<p>&nbsp;<\/p>\n<div class=\"ikakausi\"><img decoding=\"async\" src=\"http:\/\/tume.fi\/partio\/wp-content\/uploads\/sudarit-e1396519501376.png\" alt=\"Sudenpennut\" width=\"150\">&nbsp;<\/p>\n<h2>Sudenpennut<\/h2>\n<p>7\u20139-vuotiaiden sudenpentulaumojen toimintaa v\u00e4ritt\u00e4v\u00e4t leikit, seikkailut ja tarinat. Viikoittaisissa illoissaan sudenpennut oppivat asioita, joita ei tietokonepelej\u00e4 ahmimalla omaksuta. Sudenpennut tapaavat ik\u00e4tovereitaan retkill\u00e4, leireill\u00e4 ja partiotaitokilpailuissa.<\/p>\n<\/div>\n<p>&nbsp;<\/p>\n<div class=\"ikakausi\"><img decoding=\"async\" src=\"http:\/\/tume.fi\/partio\/wp-content\/uploads\/seikkailijat.png\" alt=\"Seikkailijat\" width=\"150\">&nbsp;<\/p>\n<h2>Seikkailijat<\/h2>\n<p>10\u201312-vuotiaden seikkailijajoukkueet opettelevat partion perustaitoja ja retkeilev\u00e4t paljon. Seikkailijoiden ohjelmaan kuuluu taitomerkkej\u00e4 ja partiotaitokisoihin osallistumista. Seikkailija taivaltaa tutkimusmatkailijan lailla: niin retkikeittimet, ensiapu, rakentelu kuin solmutkin tulevat tutuiksi.<\/p>\n<\/div>\n<p>&nbsp;<\/p>\n<div class=\"ikakausi\"><img decoding=\"async\" src=\"http:\/\/tume.fi\/partio\/wp-content\/uploads\/tarpojat.png\" alt=\"Tarpojat\" width=\"150\">&nbsp;<\/p>\n<h2>Tarpojat<\/h2>\n<p>12\u201315-vuotiaiden tarpojavartioiden ohjelmassa korostuu yhdess\u00e4 toimiminen ja kavereiden kanssa koetut el\u00e4mykset. Tarpojat liikkuvat ketter\u00e4sti haastavissakin maastoissa. Tarpojaohjelma koostuu nelj\u00e4st\u00e4 puolen vuoden jaksosta eli tarposta. Tarppojen teemat ovat leiri, luovuus, selviytyminen ja yhteiskunta. Jokaisen tarpon p\u00e4\u00e4t\u00f6stapahtumaa kutsutaan majakaksi.<\/p>\n<\/div>\n<p>&nbsp;<\/p>\n<div class=\"ikakausi\"><img decoding=\"async\" src=\"http:\/\/tume.fi\/partio\/wp-content\/uploads\/samoajat.png\" alt=\"Samoajat\" width=\"150\">&nbsp;<\/p>\n<h2>Samoajat<\/h2>\n<p>15\u201317-vuotiaiden samoajavartioiden partio-ohjelmaan kuuluu olennaisena osana ryhm\u00e4nohjaajakoulutus ja johtamisharjoittelu. Samoajat toimivat tarpojaik\u00e4isten vartionjohtajina. Samoajat suunnittelevat toimintaansa yhdess\u00e4 aikuisen luotsinsa kanssa ryhm\u00e4n kiinnostuksen kohteiden mukaisesti.<\/p>\n<\/div>\n<p>&nbsp;<\/p>\n<div class=\"ikakausi\"><img decoding=\"async\" src=\"http:\/\/tume.fi\/partio\/wp-content\/uploads\/vaeltajat.png\" alt=\"Vaeltajat\" width=\"150\">&nbsp;<\/p>\n<h2>Vaeltajat<\/h2>\n<p>18\u201322-vuotiaat vaeltajavartioiden ohjelmaan kuuluu niin Suomesssa kuin ulkomaillakin toteutettavia projekteja, joissa tutustutaan muiden paikkakuntien ja maiden partiolaisiin. Kukin vaeltaja tekee henkil\u00f6kohtaisen suunnitelman eli vaelluskartan, jossa h\u00e4n valitsee itselleen sopivimmat aktiviteettien suoritusvaihtoehdot. Vaeltajaohjelma huipentuu valtakunnalliseen p\u00e4\u00e4t\u00f6sseremoniaan.<\/p>\n<\/div>\n<p>&nbsp;<\/p>\n","protected":false},"excerpt":{"rendered":"<p>Partio jakautuu eri ik\u00e4kausiin, jotka suorittavat omaa kullekinik\u00e4kaudelle suunniteltua ohjelmaa. Yli 22-vuotiaat partiolaiset ovatjohtajia ja vastaavat eri ik\u00e4kausien ohjelman toteuttamisesta sek\u00e4valvonnasta. Turun Mets\u00e4nk\u00e4vij\u00e4in partiopaitamerkkiohje: https:\/\/tume.fi\/partio\/wp-content\/uploads\/Turun_Metsankavijain_merkkiohje.pdf &nbsp; &nbsp; Sudenpennut 7\u20139-vuotiaiden sudenpentulaumojen toimintaa v\u00e4ritt\u00e4v\u00e4t leikit, seikkailut ja tarinat. Viikoittaisissa illoissaan sudenpennut oppivat asioita, joita ei tietokonepelej\u00e4 ahmimalla omaksuta. Sudenpennut tapaavat ik\u00e4tovereitaan retkill\u00e4, leireill\u00e4 ja partiotaitokilpailuissa. &nbsp; &nbsp; Seikkailijat 10\u201312-vuotiaden seikkailijajoukkueet opettelevat partion perustaitoja ja retkeilev\u00e4t paljon. Seikkailijoiden ohjelmaan kuuluu taitomerkkej\u00e4 ja partiotaitokisoihin&hellip; <\/p>\n","protected":false},"author":6,"featured_media":0,"parent":0,"menu_order":0,"comment_status":"closed","ping_status":"closed","template":"","meta":{"footnotes":""},"class_list":["post-14","page","type-page","status-publish","hentry"],"aioseo_notices":[],"_links":{"self":[{"href":"https:\/\/tume.fi\/partio\/wp-json\/wp\/v2\/pages\/14","targetHints":{"allow":["GET"]}}],"collection":[{"href":"https:\/\/tume.fi\/partio\/wp-json\/wp\/v2\/pages"}],"about":[{"href":"https:\/\/tume.fi\/partio\/wp-json\/wp\/v2\/types\/page"}],"author":[{"embeddable":true,"href":"https:\/\/tume.fi\/partio\/wp-json\/wp\/v2\/users\/6"}],"replies":[{"embeddable":true,"href":"https:\/\/tume.fi\/partio\/wp-json\/wp\/v2\/comments?post=14"}],"version-history":[{"count":39,"href":"https:\/\/tume.fi\/partio\/wp-json\/wp\/v2\/pages\/14\/revisions"}],"predecessor-version":[{"id":962,"href":"https:\/\/tume.fi\/partio\/wp-json\/wp\/v2\/pages\/14\/revisions\/962"}],"wp:attachment":[{"href":"https:\/\/tume.fi\/partio\/wp-json\/wp\/v2\/media?parent=14"}],"curies":[{"name":"wp","href":"https:\/\/api.w.org\/{rel}","templated":true}]}}