{"id":42,"date":"2014-04-03T11:20:49","date_gmt":"2014-04-03T09:20:49","guid":{"rendered":"http:\/\/tume.fi\/partio\/?page_id=42"},"modified":"2025-10-20T12:51:12","modified_gmt":"2025-10-20T10:51:12","slug":"seikkailijat","status":"publish","type":"page","link":"https:\/\/tume.fi\/partio\/toiminta\/seikkailijat\/","title":{"rendered":"Seikkailijat 10-11 v."},"content":{"rendered":"\n<p>10\u201311-vuotiaden seikkailijajoukkueet opettelevat partion perustaitoja ja retkeilev\u00e4t paljon. Seikkailijoiden ohjelmaan kuuluu taitomerkkej\u00e4 ja partiotaitokisoihin osallistumista. Seikkailija taivaltaa tutkimusmatkailijan lailla: niin retkikeittimet, ensiapu, rakentelu kuin solmutkin tulevat tutuiksi.<\/p>\n<div class=\"ryhmagrid\">\n<div>\n<h2>N\u00e4\u00e4t\u00e4<\/h2>\n<p>2014 syntyneet, keskusta<br><b>Johtajat:<\/b><br>Waltteri Valkamo 044 3529701<br><b>Kokous:<\/b> Tiistaisin 18.00-19.00<\/p>\n<\/div>\n<div>\n<h2>Huuhkaja<\/h2>\n<p>2015 syntyneet, keskusta<br><b>Johtajat:<\/b><br>Tuomas Toukosalo 040 3543385<br>Joona Virtanen 050 5718372<br><b>Kokous:<\/b> Torstaisin 18.00-19.00<br><\/p>\n<\/div>\n<div>\n<h2>Ahma<\/h2>\n<p>2014 syntyneet, Hirvensalo<br><b>Johtajat:<\/b><br>Aleksi Helenius 050 3225203<br>Kristian Lahtinen<br>Ilmari Py\u00f6rre<br><b>Kokous:<\/b> Tiistaisin 17.30-18.30<br><\/p>\n<\/div>\n<div>\n<h2>K\u00e4rpp\u00e4<\/h2>\n<p>2015 syntyneet, Hirvensalo<br><b>Johtajat:<\/b><br>Aleksi Helenius 050 3225203<br>Kristian Lahtinen<br>Ilmari Py\u00f6rre<br><b>Kokous:<\/b> Tiistaisin 18.30-19.30<br><\/p>\n<\/div>\n<\/div>\n","protected":false},"excerpt":{"rendered":"<p>10\u201311-vuotiaden seikkailijajoukkueet opettelevat partion perustaitoja ja retkeilev\u00e4t paljon. Seikkailijoiden ohjelmaan kuuluu taitomerkkej\u00e4 ja partiotaitokisoihin osallistumista. Seikkailija taivaltaa tutkimusmatkailijan lailla: niin retkikeittimet, ensiapu, rakentelu kuin solmutkin tulevat tutuiksi. N\u00e4\u00e4t\u00e4 2014 syntyneet, keskustaJohtajat:Waltteri Valkamo 044 3529701Kokous: Tiistaisin 18.00-19.00 Huuhkaja 2015 syntyneet, keskustaJohtajat:Tuomas Toukosalo 040 3543385Joona Virtanen 050 5718372Kokous: Torstaisin 18.00-19.00 Ahma 2014 syntyneet, HirvensaloJohtajat:Aleksi Helenius 050 3225203Kristian LahtinenIlmari Py\u00f6rreKokous: Tiistaisin 17.30-18.30 K\u00e4rpp\u00e4 2015 syntyneet, HirvensaloJohtajat:Aleksi Helenius 050 3225203Kristian LahtinenIlmari Py\u00f6rreKokous: Tiistaisin 18.30-19.30<\/p>\n","protected":false},"author":6,"featured_media":0,"parent":14,"menu_order":1,"comment_status":"closed","ping_status":"closed","template":"","meta":{"footnotes":""},"class_list":["post-42","page","type-page","status-publish","hentry"],"aioseo_notices":[],"_links":{"self":[{"href":"https:\/\/tume.fi\/partio\/wp-json\/wp\/v2\/pages\/42","targetHints":{"allow":["GET"]}}],"collection":[{"href":"https:\/\/tume.fi\/partio\/wp-json\/wp\/v2\/pages"}],"about":[{"href":"https:\/\/tume.fi\/partio\/wp-json\/wp\/v2\/types\/page"}],"author":[{"embeddable":true,"href":"https:\/\/tume.fi\/partio\/wp-json\/wp\/v2\/users\/6"}],"replies":[{"embeddable":true,"href":"https:\/\/tume.fi\/partio\/wp-json\/wp\/v2\/comments?post=42"}],"version-history":[{"count":55,"href":"https:\/\/tume.fi\/partio\/wp-json\/wp\/v2\/pages\/42\/revisions"}],"predecessor-version":[{"id":1282,"href":"https:\/\/tume.fi\/partio\/wp-json\/wp\/v2\/pages\/42\/revisions\/1282"}],"up":[{"embeddable":true,"href":"https:\/\/tume.fi\/partio\/wp-json\/wp\/v2\/pages\/14"}],"wp:attachment":[{"href":"https:\/\/tume.fi\/partio\/wp-json\/wp\/v2\/media?parent=42"}],"curies":[{"name":"wp","href":"https:\/\/api.w.org\/{rel}","templated":true}]}}