{"id":48,"date":"2014-04-03T11:22:00","date_gmt":"2014-04-03T09:22:00","guid":{"rendered":"http:\/\/tume.fi\/partio\/?page_id=48"},"modified":"2025-10-27T10:41:25","modified_gmt":"2025-10-27T08:41:25","slug":"vaeltajat","status":"publish","type":"page","link":"https:\/\/tume.fi\/partio\/toiminta\/vaeltajat\/","title":{"rendered":"Vaeltajat 18-25 v."},"content":{"rendered":"<p>18\u201325-vuotiaat vaeltajavartioiden ohjelmaan kuuluu niin Suomesssa kuin ulkomaillakin toteutettavia projekteja, joissa tutustutaan muiden paikkakuntien ja maiden partiolaisiin. Kukin vaeltaja tekee henkil\u00f6kohtaisen suunnitelman eli vaelluskartan, jossa h\u00e4n valitsee itselleen sopivimmat aktiviteettien suoritusvaihtoehdot. Vaeltajaohjelma huipentuu valtakunnalliseen p\u00e4\u00e4t\u00f6sseremoniaan.<\/p>\n","protected":false},"excerpt":{"rendered":"<p>18\u201325-vuotiaat vaeltajavartioiden ohjelmaan kuuluu niin Suomesssa kuin ulkomaillakin toteutettavia projekteja, joissa tutustutaan muiden paikkakuntien ja maiden partiolaisiin. Kukin vaeltaja tekee henkil\u00f6kohtaisen suunnitelman eli vaelluskartan, jossa h\u00e4n valitsee itselleen sopivimmat aktiviteettien suoritusvaihtoehdot. Vaeltajaohjelma huipentuu valtakunnalliseen p\u00e4\u00e4t\u00f6sseremoniaan.<\/p>\n","protected":false},"author":6,"featured_media":0,"parent":14,"menu_order":4,"comment_status":"closed","ping_status":"closed","template":"","meta":{"footnotes":""},"class_list":["post-48","page","type-page","status-publish","hentry"],"aioseo_notices":[],"_links":{"self":[{"href":"https:\/\/tume.fi\/partio\/wp-json\/wp\/v2\/pages\/48","targetHints":{"allow":["GET"]}}],"collection":[{"href":"https:\/\/tume.fi\/partio\/wp-json\/wp\/v2\/pages"}],"about":[{"href":"https:\/\/tume.fi\/partio\/wp-json\/wp\/v2\/types\/page"}],"author":[{"embeddable":true,"href":"https:\/\/tume.fi\/partio\/wp-json\/wp\/v2\/users\/6"}],"replies":[{"embeddable":true,"href":"https:\/\/tume.fi\/partio\/wp-json\/wp\/v2\/comments?post=48"}],"version-history":[{"count":4,"href":"https:\/\/tume.fi\/partio\/wp-json\/wp\/v2\/pages\/48\/revisions"}],"predecessor-version":[{"id":1289,"href":"https:\/\/tume.fi\/partio\/wp-json\/wp\/v2\/pages\/48\/revisions\/1289"}],"up":[{"embeddable":true,"href":"https:\/\/tume.fi\/partio\/wp-json\/wp\/v2\/pages\/14"}],"wp:attachment":[{"href":"https:\/\/tume.fi\/partio\/wp-json\/wp\/v2\/media?parent=48"}],"curies":[{"name":"wp","href":"https:\/\/api.w.org\/{rel}","templated":true}]}}