{"id":1099,"date":"2016-03-30T15:53:21","date_gmt":"2016-03-30T13:53:21","guid":{"rendered":"http:\/\/tume.fi\/suunnistajat\/?page_id=1099"},"modified":"2016-05-12T10:31:34","modified_gmt":"2016-05-12T08:31:34","slug":"klubs","status":"publish","type":"page","link":"https:\/\/tume.fi\/suunnistajat\/latviski\/klubs\/","title":{"rendered":"Klubs"},"content":{"rendered":"<p>Turku pils\u0113tas orient\u0113\u0161an\u0101s klubs \u201cTurun Mets\u00e4nk\u00e4vij\u00e4t\u201d ir da\u013ca no Skautu kopienas, ar t\u0101du pa\u0161u nosaukumu.<\/p>\n<p>Par t\u0101 aizs\u0101kumu kalpoja Skautu kluba orient\u0113\u0161an\u0101s sporta entuziasti, kuriem tas bija lielisks hobijs un gadu gait\u0101 klubs ir ie\u0146\u0113mis noz\u012bmigu vietu Somijas sport\u0101. K\u0101 lab\u0101ko kluba sasniegumu v\u012brie\u0161u orient\u0113\u0161an\u0101s sport\u0101 varam min\u0113t 2. vietu gan Jukolas, gan Tiomilas stafet\u0113s.<\/p>\n<p>\u201cTurun Mets\u00e4nk\u00e4vij\u00e4t\u201d ir starptautisks orient\u0113\u0161an\u0101s klubs. Pa\u0161laik klubu orient\u0113\u0161an\u0101s sacens\u012bb\u0101s p\u0101rst\u0101v 7 da\u017e\u0101du valstu sportisti. Neskatoties uz to, kluba saknes joproj\u0101m ir cie\u0161i saist\u012btas ar Turku pils\u0113tas apk\u0101rtni un Skautu darb\u012bbu.<\/p>\n<p>Klubs b\u0101z\u0113j\u0101s L\u00e4ntinenkatu 12, net\u0101lu no Puolalan parka Turku. Klubam ir ar\u012b divas m\u0101jas, kur\u0101s tiek r\u012bkotas skautu un orientieristu nometnes &#8211; Kemi\u00f6 un Yl\u00e4ne. T\u0101s atrodas br\u012bni\u0161\u0137\u012bgos apvidos un ir aptuveni vienas stundas braucien\u0101 no Turku pils\u0113tas.<\/p>\n<p>Klub\u0101 ir aptuveni 80 akt\u012bvu biedru. Klub\u0101 savu vietu var atrast gan visjaun\u0101kie skauti, gan ar\u012b pasaules l\u012bme\u0146a orientieristi.<\/p>\n","protected":false},"excerpt":{"rendered":"<p>Turku pils\u0113tas orient\u0113\u0161an\u0101s klubs \u201cTurun Mets\u00e4nk\u00e4vij\u00e4t\u201d ir da\u013ca no Skautu kopienas, ar t\u0101du pa\u0161u nosaukumu. Par t\u0101 aizs\u0101kumu kalpoja Skautu kluba orient\u0113\u0161an\u0101s sporta entuziasti, kuriem tas bija lielisks hobijs un gadu gait\u0101 klubs ir ie\u0146\u0113mis noz\u012bmigu vietu Somijas sport\u0101. K\u0101 lab\u0101ko kluba sasniegumu v\u012brie\u0161u orient\u0113\u0161an\u0101s sport\u0101 varam min\u0113t 2. vietu gan Jukolas, gan Tiomilas stafet\u0113s. &hellip; <a href=\"https:\/\/tume.fi\/suunnistajat\/latviski\/klubs\/\" class=\"more-link\">Continue reading <span class=\"screen-reader-text\">Klubs<\/span> <span class=\"meta-nav\">&rarr;<\/span><\/a><\/p>\n","protected":false},"author":6,"featured_media":0,"parent":1104,"menu_order":0,"comment_status":"closed","ping_status":"closed","template":"","meta":{"_exactmetrics_skip_tracking":false,"_exactmetrics_sitenote_active":false,"_exactmetrics_sitenote_note":"","_exactmetrics_sitenote_category":0,"footnotes":""},"class_list":["post-1099","page","type-page","status-publish","hentry"],"_links":{"self":[{"href":"https:\/\/tume.fi\/suunnistajat\/wp-json\/wp\/v2\/pages\/1099","targetHints":{"allow":["GET"]}}],"collection":[{"href":"https:\/\/tume.fi\/suunnistajat\/wp-json\/wp\/v2\/pages"}],"about":[{"href":"https:\/\/tume.fi\/suunnistajat\/wp-json\/wp\/v2\/types\/page"}],"author":[{"embeddable":true,"href":"https:\/\/tume.fi\/suunnistajat\/wp-json\/wp\/v2\/users\/6"}],"replies":[{"embeddable":true,"href":"https:\/\/tume.fi\/suunnistajat\/wp-json\/wp\/v2\/comments?post=1099"}],"version-history":[{"count":5,"href":"https:\/\/tume.fi\/suunnistajat\/wp-json\/wp\/v2\/pages\/1099\/revisions"}],"predecessor-version":[{"id":1185,"href":"https:\/\/tume.fi\/suunnistajat\/wp-json\/wp\/v2\/pages\/1099\/revisions\/1185"}],"up":[{"embeddable":true,"href":"https:\/\/tume.fi\/suunnistajat\/wp-json\/wp\/v2\/pages\/1104"}],"wp:attachment":[{"href":"https:\/\/tume.fi\/suunnistajat\/wp-json\/wp\/v2\/media?parent=1099"}],"curies":[{"name":"wp","href":"https:\/\/api.w.org\/{rel}","templated":true}]}}