{"id":2438,"date":"2022-04-20T08:32:17","date_gmt":"2022-04-20T06:32:17","guid":{"rendered":"https:\/\/tume.fi\/suunnistajat\/?page_id=2438"},"modified":"2022-04-20T08:36:22","modified_gmt":"2022-04-20T06:36:22","slug":"kevaan-saldoa","status":"publish","type":"page","link":"https:\/\/tume.fi\/suunnistajat\/kevaan-saldoa\/","title":{"rendered":"Kev\u00e4\u00e4n saldoa"},"content":{"rendered":"\n<p>Kev\u00e4ty\u00f6n viesti 6.<\/p>\n\n\n\n<p>Stigtomtakavlen 13.<\/p>\n\n\n\n<p>Kolm\u00e5rdskavlen 6.<\/p>\n\n\n\n<p>FinnSpringin kautta kohti kev\u00e4\u00e4n kohokohtaa eli 10milaa.<\/p>\n","protected":false},"excerpt":{"rendered":"<p>Kev\u00e4ty\u00f6n viesti 6. Stigtomtakavlen 13. Kolm\u00e5rdskavlen 6. FinnSpringin kautta kohti kev\u00e4\u00e4n kohokohtaa eli 10milaa.<\/p>\n","protected":false},"author":8,"featured_media":0,"parent":0,"menu_order":0,"comment_status":"closed","ping_status":"closed","template":"","meta":{"_exactmetrics_skip_tracking":false,"_exactmetrics_sitenote_active":false,"_exactmetrics_sitenote_note":"","_exactmetrics_sitenote_category":0,"footnotes":""},"class_list":["post-2438","page","type-page","status-publish","hentry"],"_links":{"self":[{"href":"https:\/\/tume.fi\/suunnistajat\/wp-json\/wp\/v2\/pages\/2438","targetHints":{"allow":["GET"]}}],"collection":[{"href":"https:\/\/tume.fi\/suunnistajat\/wp-json\/wp\/v2\/pages"}],"about":[{"href":"https:\/\/tume.fi\/suunnistajat\/wp-json\/wp\/v2\/types\/page"}],"author":[{"embeddable":true,"href":"https:\/\/tume.fi\/suunnistajat\/wp-json\/wp\/v2\/users\/8"}],"replies":[{"embeddable":true,"href":"https:\/\/tume.fi\/suunnistajat\/wp-json\/wp\/v2\/comments?post=2438"}],"version-history":[{"count":2,"href":"https:\/\/tume.fi\/suunnistajat\/wp-json\/wp\/v2\/pages\/2438\/revisions"}],"predecessor-version":[{"id":2443,"href":"https:\/\/tume.fi\/suunnistajat\/wp-json\/wp\/v2\/pages\/2438\/revisions\/2443"}],"wp:attachment":[{"href":"https:\/\/tume.fi\/suunnistajat\/wp-json\/wp\/v2\/media?parent=2438"}],"curies":[{"name":"wp","href":"https:\/\/api.w.org\/{rel}","templated":true}]}}